e factors of h.
7, 31
Let m(i) = 21*i - 17. Let z(u) = -42*u + 34. Let q = 13 - 24. Let o(j) = q*m(j) - 6*z(j). What are the prime factors of o(4)?
67
Let b(q) = 3*q**2 - 27*q - 1. Let l(y) be the first derivative of 2*y**3/3 - 14*y**2 + 39. Let o(f) = 3*b(f) - 2*l(f). What are the prime factors of o(6)?
3
Suppose -16*o + 22 = -5*o. Suppose -4*x = -o*f - 564, -14*x - 4*f + 718 = -9*x. List the prime factors of x.
2, 71
Let b = -622 + 3115. List the prime factors of b.
3, 277
Let v(f) be the third derivative of -f**7/560 - 37*f**6/720 + f**5/60 + 5*f**2. Let g(z) be the third derivative of v(z). List the prime factors of g(-11).
2, 31
Let o be 4/10 + (-5 - (-256)/(-40)). Let a(x) = 7*x**2 + 21. What are the prime factors of a(o)?
2, 7, 31
Suppose 3*o = -4 + 13. Suppose -o*w + 7 = -2*r, r = w + 2*r - 4. List the prime factors of w/(2 + (-28)/16).
2, 3
Suppose 0 = -4*t - 5*i - 0*i + 22, -t = 3*i - 9. Suppose t*l - 540 = -3*f, 4*l - 7*f + 6*f = 745. List the prime factors of l.
5, 37
Let c(x) be the first derivative of -1/2*x**2 - 19 - 49/4*x**4 + 0*x + 0*x**3. What are the prime factors of c(-1)?
2, 5
List the prime factors of (6047168/(-80))/38*(-10)/2.
2, 4973
Suppose -3*y - 2*l - 21 = -8*y, 3*y - 2*l - 15 = 0. Let b = -14 - -107. Suppose 2*z - o - 140 = 0, 3*z - 303 = y*o - b. What are the prime factors of z?
2, 5, 7
Let h(g) = 2496*g - 787. List the prime factors of h(4).
17, 541
Suppose -2*i - 43 = -35. Let a(b) = 24*b**2 + b - 4. What are the prime factors of a(i)?
2, 47
Let c(k) = 681*k - 16. Let g be c(6). Suppose -15*v + 3040 = -g. List the prime factors of v.
2, 3, 79
Suppose -3*t - 6 + 9 = 0. What are the prime factors of (808 - t)*6/(-162)*-9?
269
Let l(o) = -o**3 + 4*o**2 + 12*o. Let q be l(6). Let r be 2/(-3) + 2/3. Suppose -3*a + r*a + 27 = q. List the prime factors of a.
3
Suppose -5*r = 5*n - 75340, 33*n - 38*n + 5*r + 75380 = 0. What are the prime factors of n?
2, 3, 157
Suppose -229*u = -234*u + 2*n + 27397, 5*u = -n + 27394. What are the prime factors of u?
5479
Let f = -6486 - -11206. List the prime factors of f.
2, 5, 59
Suppose -69*y = -65*y - 2*z - 143664, -z = 4*y - 143658. What are the prime factors of y?
5, 11, 653
Let c(s) = 2*s**2 - 6*s - 8. Let n = 67 - 46. Let i = n - 26. What are the prime factors of c(i)?
2, 3
Let h(q) = -979*q - 812. What are the prime factors of h(-8)?
2, 3, 5, 13
Let q(v) = 1281*v**2 + 3*v - 2. Suppose 5*f - 8 = 2*p, -20*p + 15*p - 3*f + 11 = 0. What are the prime factors of q(p)?
2, 641
List the prime factors of (-645)/(((-5)/40)/((-39)/(-36))).
2, 5, 13, 43
Let k = 112612 + -56496. List the prime factors of k.
2, 14029
Suppose 20*o - 28 - 12 = 0. Let n(x) = 14*x**3 + 11*x**2 - 6*x**2 - x - 9*x**o + 6. List the prime factors of n(2).
2, 5
Let d be -7 + (6 - 5) + 0. What are the prime factors of (d/(-10))/(6/3490)?
349
What are the prime factors of (-18984)/(-3) - (-61 - -79)?
2, 5, 631
Let t(l) be the second derivative of -49*l**3/6 + 3*l**2 + 21*l. Let n be t(-1). Suppose -y + n = -40. List the prime factors of y.
5, 19
Suppose 6*t - 5*t + 2 = 0. Let q(r) = 37*r**3 - 4*r - 4. Let i be q(t). List the prime factors of (-58)/(-203) + i/(-7)*1.
2, 3, 7
Let v(t) = -3748*t - 1141. What are the prime factors of v(-2)?
5, 31, 41
Suppose 5*y - 7462 = 5458. List the prime factors of y.
2, 17, 19
Let d(j) = 122*j - 350. List the prime factors of d(18).
2, 13, 71
Suppose 0*s - 2*s + 9 = x, x = 4*s - 21. Suppose 2*o + 1 = 5*n - 5, 5*o + 15 = -s*n. Suppose n = 4*a - 165 - 315. List the prime factors of a.
2, 3, 5
Let o be (-462)/28*2/(-3). Suppose -963 = -o*i + 1611. Suppose b - 108 - i = -4*j, 0 = 4*j - 2*b - 336. What are the prime factors of j?
5, 17
Suppose 26 = -3*m + 11, -7424 = -o - m. List the prime factors of o.
17, 19, 23
Suppose -6*m - 4*z = -2*m - 32, -4*z = -4*m. Suppose 0 = 7*r - m*r - 489. Suppose 4*w = 109 + r. What are the prime factors of w?
2, 17
Let w = 30626 - 5711. What are the prime factors of w?
3, 5, 11, 151
Let p(x) = x**3 + 10*x**2 + 11*x + 26. Let c be p(-9). Let b(n) = -7*n + 52. Let l be b(c). What are the prime factors of (-288)/(-2) + l/(-1)?
2, 37
Let h(u) = 88*u + 2280. List the prime factors of h(16).
2, 461
Suppose -2 = 2*u - 8. Suppose 4*z + 73 = m, -u*z + 7*z = -4*m + 232. List the prime factors of m.
61
Suppose 4*y + 2*i - 14656 = -2570, 3*y - 3*i - 9060 = 0. Suppose 23619 = 15*x - y. List the prime factors of x.
2, 3, 37
Suppose -130962 + 26606 = -11*v - 17*v. What are the prime factors of v?
3727
Suppose 0*q + 5*b = -5*q - 40, 2*b = 2*q. Let p(a) = -a**2 - 7*a - 10. Let t be p(q). Suppose 0 = -r - 3*c + 161, 6 = -0*c - t*c. List the prime factors of r.
2, 5, 17
List the prime factors of (1 + -614)/(-1) - (24 + -30).
619
Suppose -328 = 38*g - 46*g. Suppose -7144 = -g*v + 22*v. What are the prime factors of v?
2, 47
Let x(z) = -z**3 - 18*z**2 + 7*z - 22. Let j be x(-14). Let d = 2059 + j. What are the prime factors of d?
3, 5, 7, 11
Let a = 5454 + -3502. Let y = a - 961. What are the prime factors of y?
991
Suppose 3*g - 48152 = 21310. What are the prime factors of g?
2, 3, 17, 227
Let j = 1070 - 1620. Let d = j - -905. List the prime factors of d.
5, 71
Suppose -62*o + 311*o = 11914899. What are the prime factors of o?
109, 439
Let x(m) = -3*m**2 + 2*m + 10. Let g(d) = -4*d**2 + 3*d + 11. Let s(u) = -2*g(u) + 3*x(u). Let i be s(0). What are the prime factors of 616/3 - (i/6)/4?
5, 41
Suppose -8 = -4*a + 2*v, 0 = 2*v - 6*v + 16. What are the prime factors of a/(-5) + (-27072)/(-240)?
2, 7
Suppose 2*g = 5*w + 79147, -158283 = 64*g - 68*g - w. What are the prime factors of g?
7, 5653
Let g = -13232 - -27060. What are the prime factors of g?
2, 3457
Let c(x) = 11*x - 108. Let z be c(10). Suppose -z*o + v - 868 = -3617, 0 = -2*v - 6. List the prime factors of o.
1373
Suppose 0*z = 2*z - 1798 - 136. List the prime factors of z.
967
Let h(o) = -3*o**2 + 4*o**2 - 4 - 31 + 9*o. Let q be h(-15). Suppose 0 = -5*t - 5 + q. What are the prime factors of t?
2, 5
Let u = 344 - 341. Suppose -2*x + 81 = d - 323, d = u*x + 409. What are the prime factors of d?
2, 7, 29
Suppose -5*w - 19 - 21 = -5*j, 0 = 4*w - 3*j + 32. Let s be -2 - -394*(-4)/w. Suppose -s = -5*i + 2*i. List the prime factors of i.
5, 13
Suppose -2*n + 1 = -2*c + 7, -c + 5 = 0. Let p be (0 - 6)*n/6. What are the prime factors of (4 + -2)*1/p + 85?
2, 3, 7
Let m be (-2)/(3*((-321)/45 - -7)). Suppose -2*p - 2*p = -440. Suppose -m*o - 4*l + p = 0, -4*o + 4*l - 6 = -5*o. What are the prime factors of o?
2, 13
Suppose 0 = 5*g + 4*y - 87660, -y - 2679 = 2*g - 37746. What are the prime factors of g?
2, 137
Let t(n) be the second derivative of 19*n**3/6 - 5*n**2/2 + 2*n. Let m be t(1). Suppose -m*a = -13*a - 44. List the prime factors of a.
2, 11
Suppose 79*g - 39963 - 289793 - 401389 = 0. What are the prime factors of g?
3, 5, 617
Let d = -117 + 122. What are the prime factors of 559 + (-5 - -2) + d?
3, 11, 17
Let s(a) = -5*a + 99. Let y be s(22). Let l(f) = -18*f - 18. What are the prime factors of l(y)?
2, 3, 5
Let q = 13 - -27. Suppose -45*y + 600 = -q*y. Suppose 2*h + 3*h = y. List the prime factors of h.
2, 3
Let d(x) = -14*x + 209. Let f be d(14). Suppose -f*r - 4179 = -5*t - 16*r, 5*t - 4181 = -2*r. What are the prime factors of t?
3, 31
Let q(k) = 15*k**3 + 7*k - 9. Let r be q(-3). What are the prime factors of -17 - -10 - (r + 1)?
7, 61
Let m(b) = -b**3 + 10*b**2 + 2*b - 16. Let n be m(10). Suppose -n*t - 39 = -95. Suppose 2*z = 16 + t. What are the prime factors of z?
3, 5
Suppose -56 = 9*h + 16. Let f(r) = r + 12. Let u be f(h). Suppose -184 = -w + 2*d, 2*w + u*d = 116 + 252. List the prime factors of w.
2, 23
Let c(u) = 4*u**2 - 3*u - 2. Let r(w) = 1. Let h(z) = c(z) + 2*r(z). Let x be h(2). Suppose -b - x + 43 = -4*n, 5*n + 187 = 4*b. List the prime factors of b.
53
Suppose d - 5*y = -66, 5*d - y = 2*y - 374. Let x = d + 99. Let c = 114 - x. What are the prime factors of c?
7, 13
Let f(y) be the first derivative of 85*y**3/3 + 5*y**2 - 4*y + 17. Let q be f(10). What are the prime factors of q/105 - 6/(-45)?
2, 41
Let r = -476 - -939. Let j = 772 - r. What are the prime factors of j?
3, 103
Suppose 0*w + 3*w = 0. Let c(m) = m**3 + m**2 + m + 4. Let l be c(w). List the prime factors of -1*((l - 4) + -47).
47
